{"id":2105,"date":"2019-02-13T10:56:15","date_gmt":"2019-02-13T10:56:15","guid":{"rendered":"https:\/\/theissue.fuelthemes.net\/issue-03\/?page_id=504"},"modified":"2023-03-04T22:31:30","modified_gmt":"2023-03-04T22:31:30","slug":"504-2","status":"publish","type":"page","link":"https:\/\/www.jezdziectwobezprzemocy.pl\/index.php\/504-2\/","title":{"rendered":"KONSULTACJE SZKOLENIOWE"},"content":{"rendered":"<section class=\"wpb-content-wrapper\">[vc_row][vc_column][vc_toggle title=&#8221;KONSULTACJA INDYWIDUALNA&#8221; css=&#8221;.vc_custom_1677968004828{background-color: #97cdd1 !important;}&#8221;]<strong>Konsultacja indywidualna &#8211; 50min &#8211; 250z\u0142<\/strong><\/p>\n<p>Konsultacje indywidualne to pierwsze lub opcjonalnie 2 kolejne spotkania podczas kt\u00f3rych omawiamy trudno\u015b\u0107 z kt\u00f3r\u0105 si\u0119 zg\u0142aszasz i mo\u017cliwe dla Ciebie formy pomocy, kt\u00f3re mo\u017cemy zaproponowa\u0107. W tym czasie terapeuta stawia wst\u0119pn\u0105 diagnoz\u0119, kt\u00f3ra umo\u017cliwia wsp\u00f3lne podj\u0119cie decyzji co robi\u0107 dalej.<\/p>\n<p><strong>Jak przygotowa\u0107 si\u0119 na spotkanie?<\/strong><\/p>\n<p>Postaraj si\u0119 zastanowi\u0107 jakie trudno\u015bci pojawi\u0142y si\u0119 u Ciebie w ostatnim czasie, a jakie wyst\u0119powa\u0142y ju\u017c wcze\u015bniej i by\u0107 mo\u017ce si\u0119 nasili\u0142y. Pomy\u015bl czego by\u015b oczekiwa\u0142\/a po wizycie z terapeut\u0105 lub trenerem NVR, jakie mia\u0142by\u015b\/aby\u015b potrzeby zwi\u0105zane ze spotkaniami, oraz jak wyobra\u017casz sobie czas ich trwania.[\/vc_toggle][\/vc_column][\/vc_row][vc_row][vc_column][vc_toggle title=&#8221;KONSULTACJA INDYWIDUALNA W TWOJEJ STAJNI&#8221; css=&#8221;.vc_custom_1677969081941{background-color: #97cdd1 !important;}&#8221;]<strong>Konsultacja indywidualna &#8211; 60min &#8211; 400z\u0142 z dojazdem do 50km od Warszawy<\/strong><\/p>\n<p>Konsultacje indywidualne w Twojej stajni mo\u017cemy przeprowadzic je\u015bli b\u0119dzie taka potrzeba. Tego typu konsultacje proponujemy osobom, kt\u00f3re wejd\u0105 na 3 poziom NVR, poni\u017cej tego poziomu nie ma sensu przeprowadzania tego typu konsultacji, poniewa\u017c mo\u017cna to samo zrobic mniejszym kosztem czasowym i finansowym.<\/p>\n<p><strong>Jak przygotowa\u0107 si\u0119 na spotkanie?<\/strong><\/p>\n<p>Postaraj si\u0119 zastanowi\u0107 jakie trudno\u015bci pojawi\u0142y si\u0119 u Ciebie w ostatnim czasie, a jakie wyst\u0119powa\u0142y ju\u017c wcze\u015bniej i by\u0107 mo\u017ce si\u0119 nasili\u0142y. Pomy\u015bl czego by\u015b oczekiwa\u0142\/a po naszym treningu, jakie mia\u0142by\u015b\/aby\u015b potrzeby zwi\u0105zane z tym spotkaniem, przygotuj konkretne tematy w kt\u00f3rych blokujesz si\u0119 w kontakcie z koniem i nie jeste\u015bcie w stanie p\u00f3j\u015bc dalej.[\/vc_toggle][\/vc_column][\/vc_row][vc_row][vc_column][vc_toggle title=&#8221;KONSULTACJE DZIECI I M\u0141ODZIE\u017bY&#8221; css=&#8221;.vc_custom_1677968020158{background-color: #97cdd1 !important;}&#8221;]<strong>Spotkanie indywidualne dzieci i m\u0142odzie\u017c &#8211; 50min &#8211; 250z\u0142<\/strong><\/p>\n<p>Bardzo cz\u0119sto naszymi klientami s\u0105 rodzice z dziecmi, cz\u0119sto trenerzy prosz\u0105 psychologa o konsultacj\u0119. Zapraszamy serdecznie m\u0142ode osoby, kt\u00f3re potrzebuj\u0105 wsparcia psychologa czy te\u017c trenera NVR. Na indywidualne spotkania z psychologiem m\u0142odzie\u017c w wieku 15-18 lat oraz m\u0142odych doros\u0142ych. Je\u017celi nie uko\u0144czy\u0142e\u015b\/a\u015b 15 roku \u017cycia prawdopodobnie b\u0119dziemy chcia\u0142y pracowac zar\u00f3wno z Tob\u0105 jak i z rodzicem. Przed uko\u0144czeniem 18 roku \u017cycia w pierwszej konsultacji zawsze bierze udzia\u0142 rodzic z dzieckiem, rodzic musi te\u017c\u00a0 udzielic zgody na uczestnictwo w konsultacjach.<\/p>\n<p>Trudno\u015bci z kt\u00f3rymi mo\u017cesz si\u0119 boryka\u0107 i w kt\u00f3rych mo\u017ce Ci pom\u00f3c psycholog:<\/p>\n<ul>\n<li>problemy zwi\u0105zane z relacj\u0105 z koniem<\/li>\n<li>problemy zwi\u0105zane z relacj\u0105 z rodzicami, trenerem<\/li>\n<li>silne emocje, powoduj\u0105ce wybuchy z\u0142o\u015bci<\/li>\n<li>nasilaj\u0105cy si\u0119 l\u0119k, stres z kt\u00f3rym sobie nie radzisz<\/li>\n<li>trudno\u015bci w zrozumieniu samego siebie i swoich emocji<\/li>\n<li>problemy z motywacj\u0105, pewno\u015bci\u0105 siebie, poczuciem w\u0142asnej warto\u015bci<\/li>\n<li>nasilone dolegliwo\u015bci w stresie pochodzenia psychosomatycznego &#8211; np. b\u00f3le g\u0142owy<\/li>\n<\/ul>\n[\/vc_toggle][\/vc_column][\/vc_row][vc_row][vc_column][vc_toggle title=&#8221;KONSULTACJE DLA TRENER\u00d3W&#8221; css=&#8221;.vc_custom_1677968614131{background-color: #97cdd1 !important;}&#8221;]<strong>KONSULTACJE DLA TRENER\u00d3W &#8211; 90min &#8211; 300z\u0142<\/strong><\/p>\n<p>Zapraszamy trener\u00f3w na konsultacje wspieraj\u0105ce w pracy trenera. Ich tematyka mo\u017ce byc r\u00f3\u017cna:<\/p>\n<ul>\n<li>wspieranie zawodnik\u00f3w w oparciu o NVR<\/li>\n<li>rozmowa z rodzicem w sytuacjach konfliktu<\/li>\n<li>tworzenie planu treningowego w oparciu o cele zadaniowe<\/li>\n<li>poszerzanie swoich kwalifikacji o umiej\u0119tno\u015bci zwi\u0105zane z treningiem mentalnym<\/li>\n<li>wspieranie w\u0142asnego \u015bwiadomego rozwoju i pracy nad swoimi emocjami w je\u017adziectwie<\/li>\n<\/ul>\n<p>Konsultacje trenerskie s\u0105 r\u00f3wnie\u017c elementem pracy superwizyjnej na 3 i 4 poziomie NVR w celu ubiegania si\u0119 o certyfikat szkoleniowca NVR.<\/p>\n<p>Je\u015bli w Twojej stajni jest kilku trener\u00f3w i chcieliby\u015bcie wsp\u00f3lnie zorganizowac z nami superwizj\u0119 istnieje taka mo\u017cliwo\u015bc.<\/p>\n<p>Koszt takiej superwizji wyniesie 400z\u0142 a czas wyd\u0142u\u017cymy do 2h. W superwizji mo\u017ce brac udzia\u0142 minimum 2 trener\u00f3w a maksimum 5 trener\u00f3w.[\/vc_toggle][\/vc_column][\/vc_row][vc_row][vc_column][vc_toggle title=&#8221;COACHING &#8211; RODZIC W JE\u0179DZIECTWIE&#8221; css=&#8221;.vc_custom_1677968260431{background-color: #97cdd1 !important;}&#8221;]<strong>Coaching &#8211; rodzic w sporcie &#8211; 90min &#8211; 300z\u0142<\/strong><\/p>\n<p>Zapraszamy na konsultacje rodzic\u00f3w, kt\u00f3rzy wchodz\u0105 razem z dzie\u0107mi do \u015bwiata sportu i chc\u0105 to zrobi\u0107 w spos\u00f3b sensowny, nie pozbawiaj\u0105c dziecka zabawy w \u015bwiecie w kt\u00f3rym pojawia si\u0119 w\u0105tek rywalizacji. Nasz psycholog sportu pracuje z duetem rodzic &#8211; dziecko, poniewa\u017c naszym zdaniem wsparcie rodzica w sporcie odgrywa bardzo wa\u017cn\u0105 rol\u0119 i informacje kt\u00f3re otrzymuje od psychologa dziecko powinien zna\u0107 tak\u017ce rodzic.<\/p>\n<p>Tematy kt\u00f3re mog\u0105 si\u0119 pojawi\u0107 gdy zastanawiasz si\u0119 nad wsp\u00f3\u0142prac\u0105 Twojego dziecka z psychologiem sportu:<\/p>\n<ul>\n<li>jak wspiera\u0107 dziecko na codzie\u0144<\/li>\n<li>co robi\u0107 gdy spada motywacja, pojawia si\u0119 l\u0119k i niepok\u00f3j zwi\u0105zany z rywalizacj\u0105<\/li>\n<li>trudno\u015bci zwi\u0105zane z relacj\u0105 z trenerem<\/li>\n<li>trudno\u015bci w komunikacji z innymi zawodnikami<\/li>\n<li>l\u0119k po kontuzji lub trudnym zdarzeniu<\/li>\n<\/ul>\n<p>Zajrzyj te\u017c do naszych szkole\u0144 i \u015bcie\u017cki rozwoju dla rodzic\u00f3w &#8211; NVR for parents &#8211; znajdziesz tam webinary i warsztaty na 3 poziomach. Warto r\u00f3wnie\u017c by\u015b zrobi\u0142 szkolenia z poziomu 1, poniewa\u017c zdob\u0119dziesz dzi\u0119ki t\u0119 sam\u0105 wiedz\u0119, kt\u00f3r\u0105 otrzyma od nas Twoje dziecko.[\/vc_toggle][\/vc_column][\/vc_row]\n<\/section>","protected":false},"excerpt":{"rendered":"<p>[vc_row][vc_column][vc_toggle title=&#8221;KONSULTACJA INDYWIDUALNA&#8221; css=&#8221;.vc_custom_1677968004828{background-color: #97cdd1 !important;}&#8221;]Konsultacja indywidualna &#8211; 50min &#8211; 250z\u0142 Konsultacje indywidualne to pierwsze lub opcjonalnie 2 kolejne spotkania podczas kt\u00f3rych omawiamy trudno\u015b\u0107 z kt\u00f3r\u0105 si\u0119 zg\u0142aszasz i mo\u017cliwe dla Ciebie formy pomocy, kt\u00f3re mo\u017cemy zaproponowa\u0107. W tym czasie terapeuta stawia wst\u0119pn\u0105 diagnoz\u0119, kt\u00f3ra umo\u017cliwia wsp\u00f3lne podj\u0119cie decyzji co robi\u0107 dalej. Jak przygotowa\u0107 si\u0119&hellip;<\/p>\n","protected":false},"author":1,"featured_media":0,"parent":0,"menu_order":0,"comment_status":"closed","ping_status":"closed","template":"","meta":{"footnotes":""},"class_list":["post-2105","page","type-page","status-publish","hentry"],"_links":{"self":[{"href":"https:\/\/www.jezdziectwobezprzemocy.pl\/index.php\/wp-json\/wp\/v2\/pages\/2105","targetHints":{"allow":["GET"]}}],"collection":[{"href":"https:\/\/www.jezdziectwobezprzemocy.pl\/index.php\/wp-json\/wp\/v2\/pages"}],"about":[{"href":"https:\/\/www.jezdziectwobezprzemocy.pl\/index.php\/wp-json\/wp\/v2\/types\/page"}],"author":[{"embeddable":true,"href":"https:\/\/www.jezdziectwobezprzemocy.pl\/index.php\/wp-json\/wp\/v2\/users\/1"}],"replies":[{"embeddable":true,"href":"https:\/\/www.jezdziectwobezprzemocy.pl\/index.php\/wp-json\/wp\/v2\/comments?post=2105"}],"version-history":[{"count":16,"href":"https:\/\/www.jezdziectwobezprzemocy.pl\/index.php\/wp-json\/wp\/v2\/pages\/2105\/revisions"}],"predecessor-version":[{"id":3073,"href":"https:\/\/www.jezdziectwobezprzemocy.pl\/index.php\/wp-json\/wp\/v2\/pages\/2105\/revisions\/3073"}],"wp:attachment":[{"href":"https:\/\/www.jezdziectwobezprzemocy.pl\/index.php\/wp-json\/wp\/v2\/media?parent=2105"}],"curies":[{"name":"wp","href":"https:\/\/api.w.org\/{rel}","templated":true}]}}